ighest common factor of 30 and 58614.
6
Calculate the greatest common factor of 8278 and 2.
2
Calculate the greatest common divisor of 345216 and 128.
128
Calculate the greatest common divisor of 488 and 832772.
244
Calculate the highest common divisor of 21080 and 110360.
1240
What is the greatest common factor of 7360 and 1955?
115
Calculate the greatest common divisor of 3459 and 12332488.
1153
What is the highest common divisor of 78 and 172562?
26
What is the greatest common divisor of 5461 and 254?
127
Calculate the highest common factor of 24 and 83936.
8
Calculate the highest common divisor of 176462 and 286.
286
What is the greatest common factor of 5293646 and 838?
838
Calculate the greatest common factor of 5085 and 495.
45
Calculate the highest common divisor of 976 and 63379.
61
What is the greatest common divisor of 19591 and 99?
11
Calculate the greatest common factor of 32 and 6472.
8
Calculate the highest common divisor of 816 and 2006.
34
What is the greatest common divisor of 36 and 10917?
9
Calculate the greatest common factor of 16875 and 29375.
625
Calculate the highest common divisor of 1095 and 12693.
3
Calculate the highest common divisor of 23 and 114379.
23
Calculate the greatest common divisor of 762 and 1420114.
254
What is the highest common divisor of 1164500 and 850?
850
Calculate the highest common divisor of 111612 and 142.
142
Calculate the highest common divisor of 2716 and 28712.
388
Calculate the greatest common divisor of 11 and 4146.
1
Calculate the highest common factor of 430 and 258430.
430
What is the highest common divisor of 128 and 373616?
16
Calculate the highest common factor of 64 and 50808.
8
Calculate the greatest common divisor of 32 and 140656.
16
What is the highest common factor of 2109 and 456?
57
What is the greatest common factor of 903 and 72807?
21
What is the greatest common divisor of 14100 and 5217?
141
What is the greatest common divisor of 69237 and 45?
9
What is the highest common divisor of 3069 and 102331?
31
What is the greatest common divisor of 3210614 and 22?
22
Calculate the greatest common divisor of 640442 and 1247.
43
Calculate the greatest common factor of 1009 and 10393709.
1009
What is the greatest common factor of 190442 and 7686?
854
Calculate the highest common factor of 10370 and 18605.
305
Calculate the highest common divisor of 34 and 196843.
17
Calculate the greatest common divisor of 2910 and 24.
6
Calculate the greatest common factor of 38220 and 117.
39
What is the highest common divisor of 147 and 482622?
21
Calculate the highest common divisor of 68436 and 144.
36
What is the highest common divisor of 147 and 29064?
21
What is the highest common divisor of 15861 and 204?
51
What is the greatest common factor of 21 and 452956?
7
Calculate the greatest common divisor of 693 and 7665.
21
Calculate the greatest common factor of 3230 and 30.
10
What is the greatest common divisor of 132 and 606708?
12
What is the highest common factor of 129278 and 74?
74
Calculate the greatest common divisor of 19 and 4793.
1
What is the highest common divisor of 315462 and 29?
29
What is the greatest common factor of 1248 and 48282?
78
Calculate the highest common divisor of 24511 and 579.
193
What is the greatest common divisor of 202605 and 585?
195
What is the greatest common factor of 202004 and 1276?
44
What is the greatest common divisor of 22 and 18865?
11
Calculate the greatest common factor of 215424 and 3648.
192
What is the greatest common divisor of 320 and 204120?
40
Calculate the highest common factor of 10662 and 66.
6
Calculate the highest common factor of 28028 and 55.
11
What is the highest common divisor of 4552 and 24?
8
What is the greatest common factor of 4221 and 25862?
67
What is the greatest common divisor of 110148 and 1072?
268
Calculate the greatest common divisor of 20793 and 377.
29
What is the greatest common divisor of 99 and 8844?
33
What is the highest common factor of 7506 and 734754?
834
What is the greatest common factor of 63362 and 767?
13
What is the greatest common factor of 14196 and 756?
84
What is the highest common divisor of 540 and 170180?
20
What is the greatest common factor of 541586 and 51?
17
What is the highest common factor of 2860 and 35230?
130
Calculate the greatest common divisor of 5459 and 106.
53
Calculate the highest common divisor of 120 and 887430.
30
Calculate the greatest common divisor of 12 and 4474938.
6
Calculate the greatest common factor of 692318 and 330.
22
What is the greatest common factor of 35535 and 46?
23
Calculate the highest common factor of 940 and 670690.
470
What is the highest common factor of 160518 and 186?
186
Calculate the highest common divisor of 4184229 and 483.
483
What is the highest common divisor of 1278 and 16272774?
1278
What is the greatest common divisor of 1307070 and 423?
423
What is the greatest common divisor of 222789 and 84?
21
What is the greatest common divisor of 57357 and 18?
9
What is the greatest common divisor of 445524 and 7588?
1084
Calculate the highest common factor of 35882 and 2134.
22
Calculate the greatest common factor of 6295510 and 2370.
790
What is the highest common factor of 45 and 5835?
15
Calculate the highest common divisor of 69 and 6795051.
69
What is the highest common divisor of 612805 and 5?
5
What is the highest common factor of 10144 and 2539804?
1268
Calculate the greatest common factor of 2590549 and 2626.
1313
Calculate the greatest common divisor of 70150 and 366.
122
Calculate the highest common factor of 380 and 4380.
20
What is the greatest common factor of 88 and 77308?
44
What is the highest common divisor of 146 and 634954?
146
Calculate the highest common divisor of 1434980 and 15.
5
Calculate the greatest common factor of 230185 and 133.
19
What is the highest common factor of 6744 and 8?
8
Calculate the highest common divisor of 55 and 284405.
55
Calculate the highest common divisor of 12 and 66398.
2
Calculate the greatest common divisor of 1568 and 19744.
32
Calculate the highest common divisor of 61222 and 56.
14
What is the highest common divisor of 58890 and 3510?
390
What is the greatest common factor of 2144 and 1742?
134
Calculate the highest common factor of 69 and 269859.
69
Calculate the greatest common divisor of 2826 and 32.
2
What is the greatest common factor of 124 and 1797132?
124
Calculate the highest common factor of 576 and 4672.
64
Calculate the highest common factor of 334 and 11926973.
167
What is the greatest common divisor of 25227 and 18?
9
What is the highest common factor of 9747 and 270?
27
What is the highest common factor of 24 and 2618664?
24
What is the greatest common divisor of 364 and 14392?
28
What is the highest common divisor of 65268 and 28665?
441
What is the highest common factor of 749582 and 786?
262
What is the greatest common factor of 12800 and 25?
25
What is the highest common divisor of 3522 and 14?
2
What is the greatest common factor of 246 and 56703?
123
Calculate the highest common divisor of 30 and 4061250.
30
Calculate the greatest common divisor of 345 and 239775.
345
What is the highest common divisor of 4413 and 27?
3
What is the greatest common divisor of 123490 and 140?
10
What is the highest common factor of 2486 and 209?
11
Calculate the greatest common factor of 6996 and 25122.
318
Calculate the greatest common factor of 22 and 4587.
11
Calculate the greatest common factor of 600 and 3075.
75
Calculate the greatest common factor of 45036 and 4212.
324
Calculate the highest common divisor of 84 and 628460.
28
What is the greatest common factor of 5247 and 6224691?
1749
Calculate the highest common factor of 7215 and 487110.
195
What is the highest common factor of 171 and 285000?
57
What is the highest common factor of 158 and 210061?
79
What is the highest common divisor of 663 and 91?
13
What is the highest common divisor of 27 and 6274206?
27
What is the greatest common divisor of 209328 and 168?
168
What is the greatest common factor of 4348 and 503281?
1087
What is the greatest common factor of 312 and 19812?
156
What is the highest common factor of 5007714 and 804?
402
What is the highest common factor of 12002 and 2824?
706
Calculate the highest commo